digit of n?
6
What is the units digit of 10729 - 2 - (-714)/(-102)?
0
Let y = 1313 - -157. Suppose -3*l - 568 = -3*h + 524, -3*l + y = 4*h. What is the units digit of h?
6
Let n(i) = 56*i - 2511. What is the units digit of n(71)?
5
Let k(r) = 23*r**2 + 15*r - 56. What is the tens digit of k(17)?
4
Let i = -92 + 168. Let v = i - 31. What is the hundreds digit of 6/27 - (4 + (-10700)/v)?
2
Suppose 0 = -73*w + 65*w - 888. Let c = 366 + w. What is the tens digit of c?
5
Let u(w) = 10*w**2 + 226*w - 13163. What is the thousands digit of u(91)?
0
What is the ten thousands digit of (-131810)/5*(3 + 72/(-16) + 1)?
1
Let j = -12 - -17. Suppose j*r = -23*r + 12628. What is the hundreds digit of r?
4
Suppose -223*f = 232*f - 449*f - 389562. What is the ten thousands digit of f?
6
Let z(o) be the second derivative of 1/4*o**4 + 0 - 11/2*o**2 - o**3 - 16*o. What is the tens digit of z(-4)?
6
Let i = -47 - -119. Let c be (2 - 0 - (-12)/(-3))*-1. Suppose 0*z + 4*l + i = z, 0 = -3*z - c*l + 286. What is the tens digit of z?
9
Let w = -17 + 24. Let s(q) = -4*q**2 + 40*q - 78. Let m(b) = b**2 - 8*b + 16. Let n(k) = 11*m(k) + 2*s(k). What is the hundreds digit of n(w)?
1
Let o(c) = c**2 - 184*c + 9414. What is the tens digit of o(0)?
1
Suppose 5*w + 6*p = 4*p + 20451, 4081 = w + 5*p. What is the hundreds digit of w?
0
Suppose -58*j = -54*j + 192. What is the units digit of 14010/25 + 2 + j/20?
0
Suppose 9 = -6*v - 9. What is the hundreds digit of 52/v*35/((-105)/72)?
4
Suppose -2*k = -9 + 19, 0 = r + 2*k + 7. Suppose 0 = r*x - 5*z - 1158, 0 = -4*x + 8*z - 6*z + 1544. What is the tens digit of x?
8
What is the ten thousands digit of (20/(-40))/(3/(-231150))?
3
Let d = 3710 - 1360. What is the hundreds digit of d?
3
Let a(z) = -83*z - 71. Let r(c) = -81*c - 71. Let s(u) = -5*a(u) + 4*r(u). What is the hundreds digit of s(6)?
6
Let b(n) = 3*n**3 - 37*n**2 + 81*n - 793. What is the hundreds digit of b(28)?
3
Let h be (-2 - (2 - 4)) + 22. Let w be (-28)/(-154) - 1/(h/4096). Let b = -132 - w. What is the tens digit of b?
5
Let q be (-3)/((-14)/(-4) - 1 - 4). Let z be (0 - q)/((-2)/6). What is the units digit of 7*(1/z + 1965/90)?
4
What is the tens digit of ((-1420)/(-994))/((-4)/(-12670))?
2
Let z be (5/4)/((-4)/(-96)). Suppose -2*r + 12*r - z = 0. Let n(k) = 8*k**2 + 5*k + 3. What is the units digit of n(r)?
0
Suppose 0 = 5*n - a - 68028, 27207 = 2*n + 23*a - 24*a. What is the thousands digit of n?
3
Let w = -169 + -191. What is the units digit of 7*((-82)/4)/(70/w)?
8
What is the units digit of 22452 - (4/10 + (-23)/((-805)/(-14)))?
2
Suppose -5*z + 11 = 1. Suppose -z = 8*o - 10. What is the tens digit of 120/o + (-4 - -7)?
2
What is the units digit of (-1)/4 + 5 + 2 + 2308131/252?
6
Let v(q) = q**2 + 16*q + 53. Let n be v(-12). Suppose 2*d + 334 = 3*t + 2704, 0 = -3*d + n*t + 3556. What is the units digit of d?
2
Suppose -8*n - 2800 = -15*n. Let t be (-301 - -71) + (2/(-1) - 0). Let o = t + n. What is the hundreds digit of o?
1
Let a be (-31 - -38)*4/(-14). What is the tens digit of (a/3)/(12/(-7578))?
2
Let j = -1574 + 2269. What is the units digit of j?
5
Suppose 5*b + 7890 - 1275 = 5*x, -3*b = 2*x - 2671. Suppose -4*m - 4*m + x = 0. Let h = m - 115. What is the tens digit of h?
5
Suppose -3*u + 3*w + 3198 = 0, 32*w = 2*u + 34*w - 2144. What is the tens digit of u?
6
Suppose 2*y - 15232 = 4*w, 3*w - 2*w + 38017 = 5*y. What is the units digit of y?
2
Let i = -14175 + 22347. What is the tens digit of i?
7
Let b(z) be the second derivative of 23*z**5/5 + z**4/12 - z**3/6 + z**2/2 + 4*z. Let w be (-1 - -2)/(8/8). What is the tens digit of b(w)?
9
Suppose 10*p - 19 = 1. Suppose d - 5*d + 20 = 0, 0 = 3*a + p*d - 757. What is the tens digit of a?
4
Suppose -5*t + 2*t = -2*c + 4, 5*c - 2*t - 10 = 0. Suppose -c*f - 638 = -3*x + 2*f, -809 = -4*x - 3*f. Suppose x = 2*b - b. What is the hundreds digit of b?
2
Let g = 4836 - 4475. What is the units digit of g?
1
What is the units digit of (17/((-34)/(-10824)))/(4/22)?
6
Let w = 2785 - 96. What is the units digit of w?
9
Let o be 55 + -2 + -1 + -1. Let v = 29 - o. Let u = v + 43. What is the tens digit of u?
2
Let u be (-378)/(-243)*(-9)/(-2). Suppose -u*d = 1201 - 7165. What is the units digit of d?
2
Suppose 0 = -3*s, -5*y + 5*s = s - 30. Suppose 2*x + 13 = 5*f, 5*x + 7 = 2*f + y*x. What is the units digit of f/(-21) + 66/(-105)*-5?
3
Let p(r) = -377*r + 988. What is the hundreds digit of p(-15)?
6
Let h be (-2 + -1)*(6 - (-16)/(-4)). What is the tens digit of (-8)/h*((-8811)/(-6))/11?
7
Suppose 0 = -4*j + 2*q + 6, -2*q + 21 = 3*j + 2*q. Let f be (3/2)/(j/16). Suppose -f*c + 860 = -3*c. What is the units digit of c?
2
Let k(p) = p + 2. Let u be k(-8). Let v be -1 - ((-20)/6 + u/9). Suppose -5*j + 273 = 4*m - 0*j, -222 = -v*m + 2*j. What is the units digit of m?
2
Suppose 65*v = 12*v + 381070. What is the thousands digit of v?
7
What is the units digit of 0/(15/50*10) - -49963?
3
Let v(u) = -78*u - 16 - 46 + 105*u + 2*u**2 + 13. What is the hundreds digit of v(-22)?
3
Let r(z) = -50*z + 17*z**2 + 13*z + 4*z + 13*z + 13*z - 8. What is the tens digit of r(5)?
8
What is the units digit of 0 + 1 + 1/(45/967635)?
4
Let c = 9893 + -4523. What is the hundreds digit of c?
3
Let h be ((-118)/(-4))/(-1 - (-6)/4). Let c(x) = x**2 + 2*x + 4. Let q be c(0). Suppose 0*s = g + 3*s - h, s = q. What is the units digit of g?
7
Suppose 0 = -4*u + 5*u + 3*n - 20, -5*u = -3*n - 10. Suppose -1188 = -u*q + q. What is the units digit of q?
7
Suppose 3*z - 3 = 0, -4*n - 118 = -3*z + 233. Let b(y) = -6*y**3 - 9*y**2 - 34*y - 30. Let x be b(-3). Let p = x + n. What is the tens digit of p?
6
Let x = 2073 - 544. Suppose 2*f - 4*o = 2448, -o + 2129 + x = 3*f. Suppose -5*z = 15, 5*i - 2*z + 174 = f. What is the hundreds digit of i?
2
Let g(x) = 3*x**3 + 105*x**2 - 43*x + 86. What is the tens digit of g(-35)?
9
Suppose -112*f + 113*f + p = 18564, -55724 = -3*f + 5*p. What is the thousands digit of f?
8
Let d(b) = 11*b**2 - 17*b - 14. Let y be d(-11). Suppose -20*t = -24*t + y. What is the hundreds digit of t?
3
Suppose -3*h + 0*h = 288. Let b be (-2 + 4/12)*h. Let l = 259 - b. What is the units digit of l?
9
Let k(x) = 13*x**2 - 32*x - 933. What is the tens digit of k(65)?
1
Suppose 13*f = 12*f - 6. Let d(c) = 4*c**2 - 20*c - 12. What is the tens digit of d(f)?
5
Let x = -28 + 68. Let n be (3 + x)*(1 + 0). Suppose -s = -o + 21, -2*o + 4*s = -n - 1. What is the units digit of o?
0
Let o(h) = 1637*h**3 - 6*h**2 - h. Let u(w) = 3272*w**3 - 13*w**2 - w + 1. Let v(y) = -13*o(y) + 6*u(y). What is the tens digit of v(-1)?
4
Let u(w) = -21*w**3 + 43*w**2 + 263*w + 14. What is the thousands digit of u(-7)?
7
Let t = 241 + 1237. What is the tens digit of t?
7
Suppose 0 = 7*o - 18854 - 53918. What is the ten thousands digit of o?
1
Let g = 50 - 52. Let n be 1 - -1 - g/(2 + -3). Suppose n = -q + 16 + 55. What is the tens digit of q?
7
Let o(a) = -a**3 + 14*a**2 - 14*a + 8. Suppose -5*k = u - 50, -4*k + 40 = -4*u + u. What is the hundreds digit of o(k)?
2
Let a = 131 - 136. Let z(j) = 4 - 10 - 14*j - 4. What is the tens digit of z(a)?
6
Suppose -104*h - 25*h = -299151. What is the tens digit of h?
1
Suppose -5 = 4*s - 21. What is the hundreds digit of (910/s)/((-56)/16 - -4)?
4
Let n = 5807 - -6674. What is the ten thousands digit of n?
1
Suppose 21*m + 3*m = 384. What is the units digit of 88*(-10)/m*-6?
0
Suppose -5*z = 3*f + 17, 0 = -4*f - 3*z + 7 - 48. Let t(x) = -50*x. What is the tens digit of t(f)?
0
Suppose -802*n + 796*n = -7734. Let u = 1965 - n. What is the tens digit of u?
7
Suppose -5*y + 4*s = -5375, 2130*s + 1074 = y + 2129*s. What is the units digit of y?
9
Let o(n) = n**3 - 14*n**2 + 7. Let h be (2 + -2 - -1)/((-2)/(-28)). Let p be o(h). Suppose -2*z - 2*b + 432 = -p*b, 0 = 4*b - 16. What is the units digit of z?
6
Let c(p) = -p**3 + 11*p**2 + 3*p - 27. Let n be (-4)/(-6) + (-527)/(-51). Let o be c(n). What is the units digit of (-154)/(-14)*o/1?
6
Let d(w) = -2*w + 49. Let c be d(14). Suppose -c = 10*g - 31. What is the units digit of g?
1
Let u = 47 + 35. Suppose 0 = 88*o - u*o - 3816. What is the units digit of o?
6
What is the units digit of 7/(126/605763) + 8/16?
4
What is the tens digit of (-3 - -10) + 39383 + (5 - 3 - 6)?
8
Let i(u) = 376*u